5. What is g(-10)?
-5
Let g(s) = s**3 + 78*s**2 + 177*s + 1934. Calculate g(-76).
34
Let h(x) = -x**3 - 93*x**2 - 445*x - 386. Give h(-88).
54
Let c(a) = -2*a**3 - 19*a**2 + 2*a - 21. Determine c(-9).
-120
Let f(r) = 92*r + 3554. Calculate f(-39).
-34
Let b(a) = 433*a - 11353. Calculate b(26).
-95
Let u(q) = -17*q**2 - 134*q - 120. What is u(-7)?
-15
Let u(f) = -435*f + 44781. Determine u(103).
-24
Let a(b) = -b**3 - 18*b**2 - 6*b + 164. What is a(-16)?
-252
Let r(m) = m + 86. Calculate r(16).
102
Let h(f) = 4*f**3 + 323*f**2 + 237*f - 252. Calculate h(-80).
-12
Let a(q) = -15*q**3 - 4*q + 13. What is a(2)?
-115
Let j(w) = -w**3 + 22*w**2 - 67*w - 459. Calculate j(16).
5
Let t(d) = -3*d + 42. What is t(-21)?
105
Let y(o) = 1331*o + 4010. Determine y(-3).
17
Let t(m) = 22*m - 607. Determine t(27).
-13
Let z(t) = -17*t**3 + 17*t**2 - 27*t - 1. Calculate z(2).
-123
Let s(h) = 8*h**2 - 8*h + 9. Give s(1).
9
Let n(p) = 73*p - 12332. Determine n(169).
5
Let l(o) = -2*o**2 - 114*o - 1619. Calculate l(-16).
-307
Let c(m) = -40*m + 62. What is c(16)?
-578
Let v(f) = f**2 + 24*f + 77. Calculate v(-3).
14
Let a(d) = 180*d + 369. Give a(-2).
9
Let r(o) = 3*o**2 - 25*o - 11. What is r(12)?
121
Let o(l) = -10238*l - 20498. Give o(-2).
-22
Let m(o) = 17*o - 19. Determine m(0).
-19
Let j(m) = -10*m + 452. Give j(40).
52
Let s(v) = -v**3 - 3*v**2 - 7*v - 176. Give s(-9).
373
Let l(h) = h**3 - 3*h**2 - 4*h + 14. What is l(3)?
2
Let j(x) = -x**3 - 5*x**2 + 276*x + 1122. Give j(-4).
2
Let l(d) = -3*d**3 + 65*d**2 - 7*d - 698. Calculate l(21).
37
Let h(l) = -31*l**2 + 5*l + 14. What is h(-2)?
-120
Let l(k) = 4*k**2 + 24*k + 76. What is l(-7)?
104
Let o(u) = -u**3 + 58*u**2 + 113*u + 500. Determine o(60).
80
Let u(q) = 17*q - 110. Give u(4).
-42
Let d(c) = c**3 - 40*c**2 - 128*c - 161. What is d(43)?
-118
Let u(v) = -2*v**2 - 571*v - 1706. Give u(-3).
-11
Let k(s) = 54*s - 170. Determine k(0).
-170
Let y(s) = -17*s - 7. Calculate y(2).
-41
Let z(p) = 191*p**2 + 102*p + 101. Give z(-1).
190
Let x(k) = 6*k**2 + 215*k - 25. Determine x(-36).
11
Let x(l) = -31*l**3 - 5*l**2 + 4*l + 7. Give x(-2).
227
Let j(z) = z**3 - 10*z**2 - 11*z + 119. What is j(6)?
-91
Let k(l) = l**2 + 319*l + 7376. Determine k(-25).
26
Let g(f) = -12*f + 501. Calculate g(13).
345
Let k(a) = 8*a**3 - 36*a**2 - 17*a - 14. What is k(5)?
1
Let g(t) = 39*t + 94. Determine g(-4).
-62
Let v(x) = 361*x**2 - 6137*x + 1. What is v(17)?
1
Let k(a) = 96*a - 4708. What is k(49)?
-4
Let j(t) = 2*t**3 + 20*t**2 + 45*t + 17. Calculate j(-3).
8
Let x(a) = 128*a - 13. Give x(0).
-13
Let p(x) = 144*x**2 + 2160*x - 7. Calculate p(-15).
-7
Let d(p) = -15*p**2 + 90*p - 365. What is d(4)?
-245
Let z(y) = 4974*y + 34777. Calculate z(-7).
-41
Let b(g) = -7*g**2 + 34*g - 8. Calculate b(4).
16
Let n(j) = -169*j - 11159. Calculate n(-66).
-5
Let a(p) = -p**3 - 5*p**2 + 654*p + 2619. Determine a(-4).
-13
Let p(g) = g**3 - 91*g**2 + 123*g - 2963. Give p(90).
7
Let y(d) = d**3 - 18*d**2 + 64*d - 505. Calculate y(16).
7
Let n(v) = -733*v + 5095. Give n(7).
-36
Let d(p) = -p**2 - 197*p + 44814. Calculate d(135).
-6
Let b(x) = -367*x + 16515. What is b(45)?
0
Let r(w) = -w**3 + 19*w**2 - 62*w + 71. Calculate r(15).
41
Let f(i) = -2*i**2 - 817*i + 4120. Determine f(5).
-15
Let v(k) = 407*k - 4464. What is v(11)?
13
Let u(l) = -53*l - 436. What is u(-9)?
41
Let z(l) = -3*l**3 + 16*l**2 + 88*l + 113. Give z(9).
14
Let w(j) = -183*j - 1644. Determine w(-9).
3
Let v(z) = 3*z**3 - 5*z**2 + 3*z + 5. Calculate v(5).
270
Let v(z) = -z**2 - 496*z - 6748. Calculate v(-14).
0
Let j(r) = -3*r**3 - 895*r**2 - 297*r + 293. Give j(-298).
-5
Let k(a) = -3*a**3 - 71*a**2 - 66*a - 2155. Calculate k(-24).
5
Let f(b) = b**3 + 53*b**2 + 359*b - 15. What is f(-8)?
-7
Let k(l) = l**3 - 63*l**2 + 234*l - 158. Calculate k(59).
-276
Let c(s) = -3071*s - 3085. Calculate c(-1).
-14
Let p(d) = -2*d**3 - 3*d**2 + 11*d - 2. Determine p(2).
-8
Let w(j) = -2*j**3 + 38*j - 2. What is w(-7)?
418
Let k(o) = -o**2 - 49*o - 15. What is k(-40)?
345
Let l(o) = -183*o + 23422. Determine l(128).
-2
Let x(r) = -2*r**2 - 394*r + 395. Determine x(-198).
-1
Let u(a) = -2*a**3 + 161*a**2 - 80*a - 103. Determine u(80).
-103
Let r(k) = 106*k + 172. Determine r(-2).
-40
Let r(g) = g**2 - 185*g - 1144. Determine r(-6).
2
Let h(t) = -23*t**2 - 49*t - 173. Determine h(-4).
-345
Let n(o) = -o**3 - 166*o**2 - 258*o - 15329. What is n(-165)?
16
Let p(f) = 17*f - 1797. Calculate p(106).
5
Let x(u) = u**3 + 6*u**2 - 13*u + 28. Give x(-8).
4
Let y(s) = 142*s - 320. Determine y(5).
390
Let r(g) = 1327*g - 11943. What is r(9)?
0
Let s(l) = l**3 - 36*l**2 + 33*l + 97. Calculate s(35).
27
Let t(c) = 340*c + 7. Calculate t(0).
7
Let p(k) = -136*k + 1247. Determine p(9).
23
Let l(u) = 138*u + 2806. Give l(-20).
46
Let r(n) = 5*n**2 + 58*n + 4. Determine r(-14).
172
Let q(v) = 175*v + 115. Determine q(-2).
-235
Let x(w) = -696*w + 688. What is x(1)?
-8
Let r(q) = 2*q**2 - 20*q. Give r(8).
-32
Let u(z) = -333*z - 139. Give u(-2).
527
Let v(t) = t**2 + 29*t + 132. Determine v(-16).
-76
Let u(b) = -b**2 + 75*b - 735. Calculate u(12).
21
Let m(k) = -k**2 - 49*k - 718. What is m(-40)?
-358
Let p(m) = 2295*m - 11470. Determine p(5).
5
Let u(q) = -297*q + 2359. Give u(8).
-17
Let j(q) = 9*q**2 - 11*q + 35. Determine j(4).
135
Let x(i) = -31*i**3 + 2*i**2 + 10*i + 8. Calculate x(-1).
31
Let w(m) = 23*m - 784. Give w(32).
-48
Let s(c) = c**3 + 20*c**2 + 93*c + 25. Calculate s(-13).
-1
Let k(q) = 7*q**2 - 227*q - 1164. Give k(-5).
146
Let g(q) = 2*q**2 + 614*q + 4248. Calculate g(-7).
48
Let k(d) = -232*d + 11098. Determine k(48).
-38
Let d(x) = -x**3 - 40*x**2 - 296*x + 33. What is d(-10)?
-7
Let b(m) = -1646*m - 31248. What is b(-19)?
26
Let d(k) = -8*k**2 + 134*k - 24. What is d(17)?
-58
Let s(k) = -3*k**2 - 3*k + 89. What is s(-6)?
-1
Let r(y) = -5*y**2 - 46*y + 79. Determine r(-11).
-20
Let a(g) = -26*g - 145. Give a(-8).
63
Let m(s) = 14*s**2 - 30*s - 27. Give m(-6).
657
Let d(o) = -23*o + 205. What is d(11)?
-48
Let u(i) = 2*i**3 + 18*i**2 - 28*i - 75. Determine u(-10).
5
Let o(a) = -31*a - 48. Calculate o(-5).
107
Let l(g) = -130*g - 16219. What is l(-125)?
31
Let m(i) = -2*i**3 - 31*i**2 + 19*i + 52. What is m(-16)?
4
Let p(r) = -3*r**2 + 106*r - 1017. Determine p(19).
-86
Let j(d) = d**2 - 75*d - 1350. Calculate j(90).
0
Let o(p) = -44*p - 334. Calculate o(-7).
-26
Let c(j) = 10*j + 599. Determine c(-82).
-221
Let l(t) = 5*t**2 - 428*t + 694. Give l(84).
22
Let a(w) = -744*w + 2963. What is a(4)?
-13
Let m(j) = 4*j**3 - 111*j**2 + 86*j - 17. What is m(27)?
118
Let t(r) = -31*r**2 + 650*r + 63. Determine t(21).
42
Let i(f) = f**2 - 25*f - 1847. What is i(58)?
67
Let f(b) = 3*b**2 + 71*b + 383. Calculate f(-15).
-7
Let c(g) = -28*g**2 - 13*g + 25. Determine c(-4).
-371
Let y(j) = 39*j + 2161. Give y(-55).
16
Let u(q) = 2598*q + 98712. Calculate u(-38).
-12
Let n(y) = -2*y**3 + 2*y**2 + 827*y - 3256. Determine n(4).
-44
Let h(k) = 4*k**3 - 488*k**2 + 469*k + 1814. Give h(121).
-1
Let h(a) = -16*a - 1131. Determine h(-69).
-27
Let t(l) = -l**3 - 2*l**2 - 11*l - 55. Determine t(-3).
-13
Let h(r) = r**3 + 27*r**2 - 11*r + 49. What is h(-28)?
-427
Let y(h) = 32*h - 118. What is y(4)?
10
Let c(d) = 2*d**2 - 34*d + 35. Calculate c(18).
71
Let j(i) = 204*i - 2. Calculate j(1).
202
Let s(x) = -x**2 - 15*x + 360. What is s(13)?
-4
Let z(k) = 32*k + 3614. Give z(-113).
-2
Let x(m) = -3*m**3 - 17*m**2 - 8*m - 1. Calculate x(-5).
-11
Let u(o) = 82*o**3 - 165*o**2 + 2*o + 4. Determine u(2).
4
Let o(w) = -9*w**3 - w**2 - 53*w + 139. Give o(3).
-272
Let s(d) = -284*d + 1131. Give s(4).
-5
Let p(z) = z**2 + 24*z + 89. What is p(-4)?
9
Let n(y) = -y**3 + 92*y**2 - 308*y - 176. Calculate n(4).
0
Let f(s) = -2*s**2 - 32*s + 16. What is f(5)?
-194
Let o(s) = s**3 - 6*s**2 + s - 27. Determine o(5).
-47
Let p(l) = 67*l + 535. Calculate p(-8).
-1
Let v(z) = z**3 - 17*z**2 + 223*z - 3297. Calculate v(16).
15
Let d(j) = j**3 + 10*j**2 + 17*j - 50. Give d(-5).
-10
Let a(w) = -w**2 + 56*w + 798. Calculate a(-13).
-99
Let t(f) = f**3 + 2*f**2 - 40*f + 8. Determine t(-8).
-56
Let q(u) = u**3 - u**2 + 4*u - 13. Calculate q(-4).
-109
Let f(s) = -s**3 - 14*s**2 - 57*s - 2. Determine f(-4).
66
Let y(q) = 5*q**2 + 49*q + 11. 